0 - -4)) + 786. Suppose -287 = 8*j - d. What is the remainder when j is divided by 32?
30
Calculate the remainder when -565*9/(-30)*(3 + -1) is divided by 9.
6
Suppose 71*i - 56*i = 4275. What is the remainder when i is divided by 16?
13
Let q be 1 + 551 + (-2)/(-4)*-4. Suppose -i + 104 = -l, q = 4*i - l + 128. What is the remainder when i is divided by 27?
25
Suppose -3*s + 574 = -s. Suppose -s = -5*k - 2*k. Calculate the remainder when k is divided by 14.
13
Let j = 162 + -59. Calculate the remainder when j is divided by 21.
19
Suppose 0 = -904*p + 902*p + 194. Calculate the remainder when p is divided by 94/4 - 3/(-2).
22
Let m(q) = -q**3 - q**2 + q + 2. Let t be m(0). Suppose 5*o + 60 = 5*d, -t*d + 4 = 2*o - 0. What is the remainder when 18 is divided by d?
4
Let a = 22 + -20. Suppose -5*w + 29 = 4*v - 36, 0 = a*v. Calculate the remainder when w is divided by 3.
1
What is the remainder when 47 + 18 + -20 + (-3 - -1) is divided by 6?
1
Let q(l) = -6*l**3 - 3*l - 2. Let d be q(-1). Let h(j) = 9*j - 10. Calculate the remainder when h(d) is divided by 3.
2
Suppose -3*k + 165 = i, 2*i + 2*i - k - 660 = 0. Calculate the remainder when i is divided by 3.
0
Let a = -152 + 179. What is the remainder when 52 is divided by a?
25
Let p = -28 + 48. Let m = 18 + -13. Suppose -3 = 2*v + v, 3*c = -m*v + 19. What is the remainder when p is divided by c?
4
Let f be ((-56)/(-21))/((-2)/(-9)). Suppose 8*t - f*t = 16. Let b(w) = w**2 + 3*w + 5. What is the remainder when 16 is divided by b(t)?
7
Calculate the remainder when 70 is divided by (-8)/(-4)*(-3 + 22) + 1.
31
Suppose -1521 - 8463 = -78*u. Calculate the remainder when u is divided by 69.
59
Suppose -2*y + 196 = -162. Calculate the remainder when y is divided by 58.
5
Let l(d) = d**2 - 10*d - 7. Let h be l(11). Suppose -n + 5*s + 5 = 4*n, 10 = 5*n - h*s. Let t = -14 + 37. Calculate the remainder when t is divided by n.
5
Let c = 60 + -49. Let p = 11 + c. Calculate the remainder when 106 is divided by p.
18
Suppose 5*h - 12 + 2 = 0. Let s be 130/35 + h/7. Suppose -4*j + 4*o = -168, 4*j = -s*o + o + 175. Calculate the remainder when j is divided by 15.
13
Suppose -3*a + 3*x = -3, 2*x - 1 = -5*a + 5*x. What is the remainder when -1 + -1 + 50 - 1/a is divided by 10?
9
Let r(g) = -3*g**2 - 10*g + 4. Let b be r(-4). Let n = 0 - 5. What is the remainder when 42 is divided by 11*(b + (0 - n))?
9
Suppose 0 = 10*l - 1242 + 212. Suppose -5*r + 46 = -29. What is the remainder when l is divided by r?
13
Let i be (-13)/(-3) - 2/6. Suppose 0*o = i*u - 2*o - 94, -o = u - 16. Calculate the remainder when 123 is divided by u.
18
Calculate the remainder when 1/(0 + (-5)/(-725)) is divided by 74.
71
Suppose 22 = g + 5*k, -3 - 1 = 4*k. What is the remainder when 76 is divided by g?
22
Suppose -5*n = -2*g + 83, 3*n = -5*g - n + 224. Calculate the remainder when 83 is divided by g.
39
Suppose -4*k + 9 = 2*v - 3, 0 = -2*v - k + 3. Suppose v = -3*w - w + 56. Calculate the remainder when w is divided by 5.
4
Suppose 2*z + 3 + 4 = 5*l, -l + 14 = z. Let w(o) = -z*o**2 + o**3 + 3*o**2 + 4*o + o + 4. Calculate the remainder when w(6) is divided by 18.
16
Suppose 132*h = 130*h + 146. Calculate the remainder when 947 is divided by h.
71
What is the remainder when 3332/9 + (-3)/((-135)/(-10)) is divided by 62?
60
Let q(t) = 4*t + 34. Suppose 2*c + 101 = 5*c + 5*s, -3*c + 93 = 3*s. What is the remainder when c is divided by q(-6)?
7
Suppose -456 = -24*a - 0*a. Calculate the remainder when 51 is divided by a.
13
Let u = -39 - -44. Suppose -162 = 3*z - u*z. Calculate the remainder when z is divided by 28.
25
Let j = -2 + 8. Let p(x) = -x**3 + 7*x**2 + 5*x + 3. Suppose -648 = 23*h - 59*h. Calculate the remainder when p(j) is divided by h.
15
Let c = 293 + -267. What is the remainder when c is divided by 12?
2
Let f(x) = 3*x**2 - 8*x + 33. Calculate the remainder when 103 is divided by f(3).
31
Let n(g) = 2*g**2 + 2*g - 16. Calculate the remainder when n(8) is divided by 27.
20
Let d(l) = 9*l**2 - 12*l - 2. Let k be d(2). Suppose 17*g = k*g + 1260. Calculate the remainder when g is divided by 14.
12
Suppose 3*r + 0 = 9. Let b(d) = 20*d - 6. What is the remainder when b(r) is divided by 14?
12
Let h(o) = -55*o - 42. What is the remainder when h(-4) is divided by 49?
31
Suppose -5*w = -9 - 6. Suppose -92 = -w*h - h. What is the remainder when h is divided by 1*-3 - 12/(-9)*12?
10
Let x(b) = -b**3 + b**2 + 2*b + 3. Suppose -5*m + 2*m + 4*j = -14, -3*j - 27 = -5*m. Calculate the remainder when x(-2) is divided by m.
5
Let j(r) = 3*r. Let i be j(4). Suppose -y + 3*x - 18 = 0, i + 10 = y + 5*x. What is the remainder when 85 is divided by 2 + -1 - (-18 + y)?
19
Let l be (0/(-1))/(-13 - -14). Calculate the remainder when 9 is divided by (4 + -1)*(l + 1).
0
Suppose -1360*z + 1350*z = -610. Calculate the remainder when z is divided by 51.
10
Suppose -2*x = -z + 9, -z = -x - 8 - 1. Suppose z = 3*a + 3. Suppose 0 = -4*v + 20, -a*o + 3*v + 20 = -49. What is the remainder when o is divided by 15?
12
Let z be ((-15)/5)/(2 - 3). Suppose -z*k + 34 = -8. Calculate the remainder when 51 is divided by k.
9
Suppose 0 = -6*b - 8*b + 448. Suppose -50 = 2*g - 3*g. Suppose k + 13 = x, 4*x - k - 2*k = g. Calculate the remainder when b is divided by x.
10
Suppose -3*t - 12 = 0, 2*y + 4*t = 3*t + 150. Let j = y - 32. Calculate the remainder when j is divided by 25.
20
Calculate the remainder when 58 is divided by -5 + 0 - (-26 + 1).
18
Calculate the remainder when (-37810)/(-45) - 60/270 is divided by 121.
114
Let m(p) = 5*p**2 + 69*p - 15. What is the remainder when m(-15) is divided by 39?
36
Let h(o) = 5*o + 2. Suppose 5*v - 10 = -0. What is the remainder when h(v) is divided by 7?
5
Let v(n) = n**2 - 12*n - 13. Let x be v(13). Suppose -6*j - j + 259 = x. What is the remainder when j is divided by 19?
18
Let r = -2539 - -2542. Calculate the remainder when 310 is divided by r.
1
Suppose 0 = -2*n - n + 3, n = 2*y - 357. What is the remainder when y is divided by 36?
35
Let c = -371 - -378. Calculate the remainder when 249 is divided by c.
4
Let u = 16 + 1. Let z = -1615 + 1681. Calculate the remainder when z is divided by u.
15
Calculate the remainder when 613 is divided by (18/12)/((3/112)/1).
53
Calculate the remainder when 126 is divided by (-11)/22*4 + 33.
2
Suppose 378 = 2*x + 180. Calculate the remainder when x is divided by 26.
21
Calculate the remainder when (-1)/(-6)*-15 + (-5649)/(-6) is divided by 20.
19
Let i(f) = -2*f**3 + 77*f**2 - 34*f - 190. Let y be i(38). Let l be 1 + 0 + 53 + -1. Let t = l + y. What is the remainder when 57 is divided by t?
12
Suppose -6*s - 4*s + 170 = 0. Let c(m) = -m**3 + 7*m**2 - 2*m - 11. Calculate the remainder when c(5) is divided by s.
12
Let b(p) = -10*p**3 + 3*p - 4. Let d be b(-3). Let y = d + -155. Calculate the remainder when y is divided by 26.
24
Let q = -239 + 358. Suppose -g + a - 73 = -4*g, 3*g - 77 = -5*a. What is the remainder when q is divided by g?
23
Let b(p) = 8*p - 2. Let w be (-152)/6*3/(-2). Suppose -4*n = 2 - w. Calculate the remainder when b(2) is divided by n.
5
Let j be (3/((-9)/5))/(3/(-45)). Suppose -2*f + 4*n + 20 = 0, -n + j = f - 0*n. Calculate the remainder when 37 is divided by f.
17
What is the remainder when 452 is divided by 2284/30 - 0 - (-98)/(-735)?
72
Suppose 121*r = 122*r - 6, 4*x + 22 = 5*r. Let v(d) = d**2 - 2*d - 1. What is the remainder when v(4) is divided by x?
1
Let j(r) = r + 4. Let k be j(6). Suppose -k*n + 120 = -6*n. Calculate the remainder when n is divided by 17.
13
Let u(w) = 57*w**2 - 20*w - 12. What is the remainder when u(5) is divided by 47?
44
Suppose 10*o + d = 5*o + 380, o + 4*d - 95 = 0. Calculate the remainder when o is divided by 13.
10
Let g = -6 + 2. Let i(d) = 2 + 3093*d - 3096*d - 4. What is the remainder when i(g) is divided by 4?
2
Calculate the remainder when 101 is divided by (-3)/(-12) - 525/(-60).
2
Let o(v) = v**3 - 19*v**2 + 31*v - 40. Calculate the remainder when o(18) is divided by (-56)/2*21/(-12).
47
Let d = -89 - -123. Let p = d + 84. What is the remainder when p is divided by 40?
38
Suppose 2*r = -2*w + 48, -5*r - 2*w = w - 130. Calculate the remainder when r is divided by -1 - (-5 + -1) - (10 + -13).
5
Suppose 4*d - 230 = 4*v + 150, -5*d +